ppose -26*q = 1408 - 88014. What is the tens digit of q?
3
Suppose -8*f + 180 = 140. Suppose -3*n + 2145 = f*u - 8*u, -4*u = -3*n + 2140. What is the hundreds digit of n?
7
Suppose 0 = -5*z - 5*z - 7*z + 537625. What is the thousands digit of z?
1
Suppose 0 = -3*n + 3*g + 13008, 7955 = 3*n - 5*g - 5065. What is the tens digit of n?
3
Suppose 0 = 2*q - 11 + 7. What is the units digit of q + 304 + (-5)/(-8 - -3)?
7
Let k be (-2)/(-6)*4*6/2. Suppose -2*q + u = q - 23, k*q + 4*u - 4 = 0. Suppose q*s + 178 = 874. What is the hundreds digit of s?
1
Suppose -651 - 179 = 10*b. Let m = 786 - b. What is the tens digit of m?
6
What is the thousands digit of (191/(-382))/(1/(-4490))?
2
Let o(r) = 2*r**2 - 9*r + 62. Let c be o(17). Suppose -485*p + c*p = 1182. What is the units digit of p?
1
Let t = -225 - -228. Suppose 0 = 2*u + t*n - 3164, 2*u + n + 1073 = 4245. What is the units digit of u?
8
Let j(q) = 307*q**3 + 3*q**2 - 13*q - 12. What is the tens digit of j(3)?
6
Suppose -36*t = 61*t + 192*t - 14974246. What is the thousands digit of t?
1
Suppose 2*y + 14 = 4*m - 49486, 0 = -4*m + 3*y + 49502. What is the tens digit of m?
7
Let k(z) = -z**3 + 15*z**2 - 32*z - 40. Let r be k(12). Suppose -d = 3*m - 5, -3*m - d + 21 = -4*d. Suppose r*l - 190 = m*l. What is the tens digit of l?
3
Suppose -x - 28 = -5*g, 0*x = x + 3. Suppose 0 = -y + 5*y - 2*i - 714, -i - 888 = -g*y. What is the tens digit of y?
7
Let o be ((-12)/(-4) - 2)*(-5 + 10). Suppose 12*m + o = 8*m + 5*j, m = -3*j + 3. Suppose m = -24*w + 27*w - 153. What is the tens digit of w?
5
Let u(p) = -2*p**3 + 128*p**2 - 63*p - 509. What is the ten thousands digit of u(59)?
3
Let o = -205 + 203. What is the units digit of (-1920)/(-90)*(-45)/o?
0
Let k = 79 + -42. Let j = -32 + k. Suppose j*i = -3*i + 560. What is the tens digit of i?
7
Suppose -4*i - 2108 = 4*f - 0*f, 4*i - 3*f = -2094. Let n = -213 - i. What is the tens digit of n?
1
Let i = 1527 + -718. Let z = i - 552. What is the units digit of z?
7
Suppose 4*i - 8 + 0 = 0. Let q be (11 - 7)*3/4. Suppose q*o = -i*o + 685. What is the tens digit of o?
3
Suppose 7*q - 35 = -7. Suppose q*c = 10*c - c. Suppose -6*l + 1122 = -c*l. What is the units digit of l?
7
Let k(b) = 37 + b - 37. Let v be k(-1). Let r(j) = -227*j**3 + j**2 + 2*j. What is the hundreds digit of r(v)?
2
Let x be -4 - 4/(-4)*9. Suppose 5*z + 4040 = x*y, -3802 = -4*y + z - 567. Suppose -4*a + 27 + y = 0. What is the hundreds digit of a?
2
Let q = -73 - 21. Let z = q + 99. What is the units digit of z?
5
Suppose -132 = 3*o + 5*k - 467, 4*k - 16 = 0. Suppose -o = -3*r - u + 284, 2*r - 261 = u. What is the tens digit of r?
3
Suppose 5*g - 39480 = 26*g. What is the tens digit of g/(-4) + -5 + 3?
6
Suppose -5*k + 6191 = 111. Suppose -2030 = -5*g - 4*w, 17*g - 14*g + 2*w - k = 0. What is the units digit of g?
2
Let i = 28 - 20. Suppose -5*d = i*d - 4771. What is the hundreds digit of d?
3
What is the hundreds digit of 241*26 + 22 + -17?
2
Let f be (-3*(-12)/(-36))/(2/(-94)). Suppose -18*j = -f*j + 2407. What is the tens digit of j?
8
Let i be (-2 - -1)/((-51)/716601). Suppose -39*a = -16447 - i. What is the tens digit of a?
8
Suppose -2*b + 4*v = -6*b + 5368, -3*v + 5370 = 4*b. Suppose -4*u = 292 - b. What is the units digit of u?
3
Suppose -137*n + 292067 = 102505 - 742997. What is the hundreds digit of n?
8
Let s be (20/45)/(-2) - (-3044)/9. Suppose t - 118 = 5*r + s, -2*r + 428 = t. What is the tens digit of t?
3
Let j(u) = 11*u + 21. Let d(n) = 2*n**3 - 3*n**2 - 2*n + 4. Let s be d(2). Let q be j(s). Let o = q + 13. What is the tens digit of o?
7
Suppose -w + 11 = 5*u, 63*u - 61*u = 2*w + 14. What is the units digit of 4 + 120/(-32) + (-4255)/w?
4
Suppose 0 = -22*y - 1844 - 2424. Let x = -37 - y. What is the units digit of x?
7
Suppose -j + 14 = -3*q, 6*j = 5*j + 5*q + 8. Let s = j - -228. What is the units digit of s?
1
Let w(z) = -8*z**3 - 22*z**2 + 87*z - 16. What is the hundreds digit of w(-10)?
9
Let q = 91 + -30. Let v = -59 + q. Suppose 0*l = v*l - 110. What is the tens digit of l?
5
Suppose -1328763 = -88*z - 918631 + 2415988. What is the hundreds digit of z?
1
Suppose 4*s + 43 + 69 = 0. Let v = -25 - s. Suppose j - 4 = -v*n + 2*n, n = 1. What is the units digit of j?
3
Let w(x) = -1 - 3 + x**2 - 195*x + 213*x. Let v be w(13). Suppose -60*h + 57*h = -v. What is the units digit of h?
3
Suppose 2*y = -3*b + 29, 7*y - 2*y + 4*b = 55. Suppose 2*v - 5*d = 361, -y*v - d + 163 = -6*v. What is the hundreds digit of v?
1
Let x(i) = -830*i - 1530. What is the thousands digit of x(-9)?
5
Let p be 3/21 - 249/(-21). Let b(n) = n**3 - 13*n**2 + 15*n - 4. What is the units digit of b(p)?
2
Suppose -2*r + h = -5632, 8*h - 2807 = -r + 13*h. What is the units digit of r?
7
Let u = -109 - -100. Let c be (-18)/12*60/u. Suppose 12*i = c*i + 532. What is the tens digit of i?
6
Let w(b) = -3*b - 26. Let v be w(-12). Suppose v = 3*t + 4. Suppose -5*s + 280 = t*h, -h + 2*s - s + 147 = 0. What is the hundreds digit of h?
1
Let h(c) = c + 102. Suppose 13 = 5*r - 7. Suppose -3*p - 5*b - 5 = 20, 0 = 2*p + r*b + 20. What is the hundreds digit of h(p)?
1
What is the hundreds digit of (132/9)/((-412)/(-617) + 34/(-51))?
5
Let j(x) = 33*x - 79. Let i be j(-4). Let h = i - -242. What is the tens digit of h?
3
Let d(k) = k**2 - 14*k - 23. Let y be d(18). Let h = 37 - y. Let q(m) = m**3 + 12*m**2 - 6*m + 8. What is the tens digit of q(h)?
8
Let h(s) = -14*s**2 - 28*s - 2. Let c be h(-5). Let w = c - -360. What is the tens digit of w?
4
Suppose -3*u + 13 = 3*i - i, 5*u - 28 = 3*i. Suppose u*k - j - 980 = j, -3*k - 3*j = -609. What is the tens digit of k?
9
Let g = 120 - 115. Suppose -3*o = -8*f + 5*f + 1137, 0 = g*f + o - 1889. What is the tens digit of f?
7
What is the tens digit of (-100)/225*-9 - 1/((-2)/300)?
5
Suppose -203*p + 17732 = -199*p - 4*f, p = 4*f + 4424. What is the tens digit of p?
3
Let r = -247 + 385. Suppose a - w + 4*w - r = 0, -4*w + 679 = 5*a. Suppose 7*i - 6*i = a. What is the units digit of i?
5
Suppose -4*v - m + 25 = 0, 0 = 3*v - 6*m + m + 10. Suppose 104 = -v*w + 6*w. What is the units digit of (-2)/(-3)*(w - (-10)/(-5))?
8
Let g(z) be the first derivative of -z**2/2 - 38. Let x(l) = -128*l - 20. Let o(v) = -5*g(v) + x(v). What is the units digit of o(-2)?
6
Suppose 1679 = -2*n + 5*k + 80535, 5*n = -5*k + 197245. What is the ten thousands digit of n?
3
Suppose 6867*r - 432648 = 6849*r. What is the units digit of r?
6
Suppose -28*r + 257795 + 45025 = 0. What is the thousands digit of r?
0
What is the tens digit of (-2)/19 - 247770422/(-5149)?
2
Suppose -4*g + 108673 = -3*i + 8*i, 2*i = -2*g + 43466. What is the thousands digit of i?
1
Let p be (12/(-12))/((-2)/6). Suppose -3*m - 3*m = -p*m. Suppose -t + 2*t - 19 = m. What is the units digit of t?
9
Suppose -15*s - 10*s + 16*s = 0. Suppose s = 3*p - 2*w - 240 - 3196, 2*w = 4*p - 4580. What is the thousands digit of p?
1
Let b = 264 + 11585. What is the hundreds digit of b?
8
Let s(i) = 12*i**2 - 2*i - 2. Let c be s(-2). Suppose r - 390 + c = 0. What is the hundreds digit of r?
3
What is the tens digit of (53/((-2120)/48))/(8/(-41220))?
8
Let k(h) = 15*h + 11. Let y be k(-2). Let z = y + 32. What is the units digit of z/(-52) - 30*46/(-16)?
6
Suppose 7800 = 16*j + 1528. What is the units digit of (12096/j)/((-2)/(-28))?
2
Let y(u) be the third derivative of -47*u**4/24 - 19*u**3/6 + 4*u**2 + 14. What is the units digit of y(-7)?
0
Suppose 29 = 2*b - 0*b - 3*r, 4*b + 3*r = 31. Let y = b - 16. Let f(x) = -x**3 - 5*x**2 - 7*x + 7. What is the tens digit of f(y)?
8
What is the ten thousands digit of 81/(54/6) + 10185 + 0?
1
Let a = -1088 - -1445. What is the tens digit of a?
5
Let t(d) = -d**2 + 16*d + 41. Let w = 25 + -32. Let h(x) = -2*x. Let z be h(w). What is the units digit of t(z)?
9
Suppose -6*j + 4358 = -19024. What is the units digit of j?
7
Let w be 1/((-21)/(-7))*3. Let g(f) be the third derivative of 203*f**4/24 + 7*f**3/6 + 2*f**2. What is the tens digit of g(w)?
1
Suppose -2*s - 4*d = -446, -25 = 7*d - 2*d. Let a(i) = i**2 + 24*i + 27. Let f be a(-11). Let q = s + f. What is the hundreds digit of q?
1
Suppose -4*a + 5*f = -77974, 27*f - 25*f - 77988 = -4*a. What is the ten thousands digit of a?
1
Let m(v) = 6*v**2 - 232*v - 126.